e
Is 280220594 a multiple of 2666?
True
Does 341 divide 271058172?
True
Is 632 a factor of 143486848?
False
Is 4682 a factor of 89041581?
False
Is 797798376 a multiple of 294?
False
Is 42058681 a multiple of 15?
False
Is 28 a factor of 87991848?
True
Is 312659322 a multiple of 6?
True
Does 12 divide 2972915285?
False
Is 208429814 a multiple of 143?
False
Is 578972310 a multiple of 354?
True
Does 48 divide 30092804?
False
Does 47 divide 131918989?
True
Is 1832803291 a multiple of 11?
True
Is 5096372650 a multiple of 25?
True
Is 88 a factor of 682970417?
False
Is 715 a factor of 79089649?
False
Is 1236 a factor of 34978800?
True
Is 19251962 a multiple of 28?
False
Is 3016943 a multiple of 1217?
True
Is 3058 a factor of 19977914?
True
Does 732 divide 25002924?
True
Is 259173096 a multiple of 580?
False
Is 53215420 a multiple of 670?
True
Is 11547377 a multiple of 81?
False
Is 43402656 a multiple of 736?
True
Does 671 divide 324225858?
True
Is 1512120834 a multiple of 21?
True
Is 32890302 a multiple of 321?
True
Does 12 divide 170967673?
False
Is 634357620 a multiple of 17?
False
Is 33 a factor of 18631024?
False
Is 101 a factor of 12057986?
True
Is 69685800 a multiple of 300?
True
Does 19 divide 2785449742?
True
Is 2560823975 a multiple of 841?
True
Does 1064 divide 584706605?
False
Does 215 divide 76495065?
True
Is 342235605 a multiple of 150?
False
Is 3341438113 a multiple of 607?
False
Is 76842488 a multiple of 148?
True
Is 228884679 a multiple of 9?
True
Is 19 a factor of 244670663?
False
Is 132 a factor of 2313370427?
False
Does 2998 divide 420031792?
True
Is 487 a factor of 129499026?
False
Is 329819121 a multiple of 27?
True
Does 676 divide 1086332?
True
Is 53 a factor of 62318413?
False
Does 52 divide 17424524?
True
Does 45 divide 162381975?
False
Does 222 divide 99048630?
True
Is 67964144 a multiple of 1938?
False
Is 7 a factor of 351615005?
True
Is 49 a factor of 93755846?
False
Does 1835 divide 896623205?
True
Is 12711436 a multiple of 239?
False
Is 6651034 a multiple of 32?
False
Is 1230 a factor of 85008990?
True
Is 78 a factor of 212033511?
False
Is 27 a factor of 3089025?
False
Is 27586924 a multiple of 88?
False
Does 92 divide 34417010?
False
Is 11916824 a multiple of 558?
False
Is 173081270 a multiple of 75?
False
Is 335 a factor of 41956081?
False
Is 458 a factor of 514421478?
True
Does 21 divide 44625189?
True
Does 20 divide 423179000?
True
Is 13 a factor of 27669173?
False
Is 105 a factor of 6164843?
False
Is 41 a factor of 9432337?
True
Is 723 a factor of 1621116?
False
Does 504 divide 206623368?
True
Is 353 a factor of 18617220?
True
Is 311 a factor of 67750496?
False
Is 170122400 a multiple of 10?
True
Is 6809182 a multiple of 13?
False
Does 4 divide 595772312?
True
Does 575 divide 42062908?
False
Is 10 a factor of 19308440?
True
Does 139 divide 231553270?
False
Does 624 divide 451776?
True
Does 25 divide 5337925400?
True
Does 35 divide 1896930?
True
Is 100 a factor of 105264398?
False
Is 2137175828 a multiple of 311?
True
Is 438153133 a multiple of 4763?
True
Is 1071493782 a multiple of 118?
False
Is 103346780 a multiple of 6?
False
Is 4967192 a multiple of 4?
True
Is 910191800 a multiple of 2870?
True
Does 5 divide 65477084?
False
Is 696503959 a multiple of 40?
False
Is 15 a factor of 44628000?
True
Is 9805 a factor of 1805845680?
True
Does 1176 divide 17567088?
True
Does 2758 divide 3548939240?
True
Is 628714844 a multiple of 354?
False
Is 5348 a factor of 133548618?
False
Is 18346789 a multiple of 759?
False
Is 211161083 a multiple of 47?
True
Is 26 a factor of 395904942?
False
Is 18 a factor of 64947786?
False
Is 220300284 a multiple of 2049?
True
Is 1297066554 a multiple of 6762?
True
Does 21 divide 1586286830?
False
Is 44680031 a multiple of 1991?
True
Is 2657 a factor of 4718902785?
False
Is 21 a factor of 41167791?
True
Is 44044448 a multiple of 8?
True
Is 29 a factor of 163829787?
True
Is 1431496656 a multiple of 5945?
False
Is 13469610 a multiple of 1190?
True
Is 702 a factor of 218536250?
False
Does 5617 divide 405431373?
False
Does 786 divide 40225759?
False
Is 113 a factor of 1156781?
True
Is 1112177752 a multiple of 1152?
False
Does 9 divide 11671862?
False
Is 79 a factor of 32198190?
False
Is 37653942 a multiple of 178?
True
Does 2 divide 41552616?
True
Is 17 a factor of 293027163?
False
Is 393239859 a multiple of 59?
False
Is 1113534102 a multiple of 57?
True
Is 51 a factor of 17242692?
True
Is 30712553 a multiple of 14?
False
Does 1916 divide 621379876?
True
Does 63 divide 130282751?
False
Is 48661075 a multiple of 44?
False
Is 897 a factor of 16286743?
False
Is 504 a factor of 29326752?
True
Is 2651014059 a multiple of 80?
False
Is 69 a factor of 182295089?
False
Is 176547007 a multiple of 4511?
True
Does 29 divide 76282085?
False
Is 684 a factor of 293842980?
True
Is 2169763920 a multiple of 3912?
False
Is 941205326 a multiple of 46?
False
Does 68 divide 32949775?
False
Does 14 divide 84748552?
True
Is 205826800 a multiple of 78?
False
Is 82417311 a multiple of 763?
False
Does 4054 divide 60741082?
True
Does 40 divide 2980920?
True
Is 8 a factor of 416433907?
False
Does 270 divide 218745090?
True
Is 245 a factor of 240636550?
True
Is 1096090334 a multiple of 383?
False
Is 653 a factor of 52582487?
False
Is 39906388 a multiple of 691?
False
Is 235 a factor of 1443633542?
False
Does 25 divide 55403425?
True
Is 420815206 a multiple of 15?
False
Is 891 a factor of 109380243?
False
Does 3 divide 102861635?
False
Is 617434821 a multiple of 3?
True
Is 112976477 a multiple of 1816?
False
Does 213 divide 13870493?
False
Is 29 a factor of 84807107?
True
Does 3 divide 4344426?
True
Is 386 a factor of 317429423?
False
Does 1848 divide 4888065?
False
Is 1254 a factor of 35582160?
False
Is 5345 a factor of 2285494788?
False
Is 28546442 a multiple of 30?
False
Does 4804 divide 3449243176?
True
Is 9083245 a multiple of 411?
False
Is 32 a factor of 3918133?
False
Is 4 a factor of 538432257?
False
Does 889 divide 1625092?
True
Does 25 divide 51406105?
False
Is 3 a factor of 1890652761?
True
Is 463 a factor of 3351567178?
True
Is 12 a factor of 18065484?
True
Is 1693 a factor of 5583960?
False
Is 82671117 a multiple of 2262?
False
Is 3375365 a multiple of 805?
True
Does 17 divide 17024414?
False
Does 560 divide 706725998?
False
Does 316 divide 853417648?
False
Is 294589672 a multiple of 52?
True
Is 20 a factor of 164310680?
True
Is 23138838 a multiple of 9?
True
Does 11 divide 1744904533?
False
Is 87980056 a multiple of 18?
False
Does 8 divide 1283662584?
True
Is 469702 a multiple of 21?
False
Is 632561348 a multiple of 213?
False
Is 39 a factor of 214278441?
True
Is 1155505688 a multiple of 568?
True
Does 15 divide 1876392843?
False
Does 1137 divide 15738354?
True
Does 252 divide 1047239294?
False
Is 613113949 a multiple of 2975?
False
Is 8026875 a multiple of 16?
False
Is 7 a factor of 22050732?
False
Does 1226 divide 41840928?
True
Is 6009 a factor of 836513447?
False
Does 45 divide 9408645?
True
Is 859759409 a multiple of 109?
True
Is 19867668 a multiple of 222?
True
Does 1070 divide 495629603?
False
Does 23 divide 50463863?
True
Is 16 a factor of 11393568?
True
Is 48729001 a multiple of 1833?
False
Is 1527376772 a multiple of 82?
True
Is 22271805 a multiple of 335?
True
Is 56 a factor of 16154768?
True
Is 56244880 a multiple of 8?
True
Is 48320046 a multiple of 258?
True
Is 236909099 a multiple of 2835?
False
Is 76622097 a multiple of 57?
False
Is 35727215 a multiple of 65?
False
Does 8 divide 427952104?
True
Is 48574329 a multiple of 158?
False
Does 9389 divide 681640635?
False
Does 359 divide 11217673?
True
Does 39 divide 349003870?
False
Is 159624192 a multiple of 512?
True
Is 89341416 a multiple of 87?
False
Is 160 a factor of 1725120?
True
Does 55 divide 38387051?
False
Does 160 divide 2153274?
False
Does 35 divide 487810616?
False
Is 973 a factor of 166542380?
False
Is 35 a factor of 1714694380?
True
Does 63 divide 141309051?
False
Is 12 a factor of 34429739?
False
Does 22 divide 340592948?
False
Is 36458774 a multiple of 207?
False
Is 1009619725 a multiple of 754?
False
Does 188 divide 4199855805?
False
Is 1724747795 a multiple of 53?
False
Does 1963 divide 54312284?
True
Does 16 divide 76597566?
False
Doe